inder when 775856 is divided by 201?
197
Calculate the remainder when 3081141 is divided by 3642.
9
What is the remainder when 471412877 is divided by 29463304?
13
Calculate the remainder when 3604391 is divided by 296.
295
Calculate the remainder when 2886356 is divided by 721532.
228
What is the remainder when 10576767 is divided by 151?
123
What is the remainder when 475883423 is divided by 32?
31
What is the remainder when 677902185 is divided by 919?
916
Calculate the remainder when 4785608 is divided by 156.
152
What is the remainder when 157809 is divided by 1365?
834
What is the remainder when 46418398 is divided by 105?
103
What is the remainder when 59454 is divided by 7821?
4707
What is the remainder when 5218555 is divided by 208742?
5
Calculate the remainder when 444223 is divided by 18501.
199
Calculate the remainder when 2369108 is divided by 704.
148
What is the remainder when 20759 is divided by 19914?
845
Calculate the remainder when 154659 is divided by 12842.
555
What is the remainder when 181707 is divided by 1083?
846
What is the remainder when 158051 is divided by 3675?
26
What is the remainder when 447438 is divided by 198?
156
What is the remainder when 1272252798 is divided by 119?
117
Calculate the remainder when 6566343 is divided by 29314.
7
What is the remainder when 14283212 is divided by 18080?
12
What is the remainder when 7184961 is divided by 31?
29
What is the remainder when 752639 is divided by 150513?
74
Calculate the remainder when 3388702 is divided by 1129199.
1105
What is the remainder when 685559 is divided by 467?
3
What is the remainder when 3123370 is divided by 721?
719
What is the remainder when 4220398 is divided by 553?
455
Calculate the remainder when 162836759 is divided by 37.
18
What is the remainder when 45820972 is divided by 1065604?
0
Calculate the remainder when 2966344 is divided by 669.
667
What is the remainder when 3970413 is divided by 2619?
9
What is the remainder when 94241287 is divided by 52590?
7
Calculate the remainder when 922222 is divided by 302.
216
What is the remainder when 18900 is divided by 9437?
26
Calculate the remainder when 33049895 is divided by 3004535.
10
Calculate the remainder when 156139075 is divided by 79.
78
Calculate the remainder when 19291895 is divided by 545.
530
Calculate the remainder when 46201 is divided by 3827.
277
What is the remainder when 230112599 is divided by 453871?
2
Calculate the remainder when 722194438 is divided by 66.
64
What is the remainder when 168899 is divided by 1297?
289
Calculate the remainder when 445258 is divided by 193.
7
Calculate the remainder when 18433 is divided by 5739.
1216
Calculate the remainder when 24588788 is divided by 77.
70
Calculate the remainder when 31817530 is divided by 539280.
10
What is the remainder when 2583911 is divided by 15?
11
Calculate the remainder when 214334935 is divided by 6190.
6185
Calculate the remainder when 6565733 is divided by 50.
33
What is the remainder when 7074494 is divided by 4?
2
What is the remainder when 389190067 is divided by 25?
17
Calculate the remainder when 2092664 is divided by 212.
12
Calculate the remainder when 1870087 is divided by 311555.
757
Calculate the remainder when 45441 is divided by 2091.
1530
Calculate the remainder when 2076554 is divided by 5851.
5300
Calculate the remainder when 472494 is divided by 642.
624
Calculate the remainder when 7566216 is divided by 874.
872
Calculate the remainder when 14377724 is divided by 4694.
2
What is the remainder when 164425 is divided by 1104?
1033
What is the remainder when 621080 is divided by 620770?
310
What is the remainder when 88642 is divided by 3712?
3266
What is the remainder when 255759 is divided by 27969?
4038
Calculate the remainder when 1507825 is divided by 502595.
40
Calculate the remainder when 69882521 is divided by 11.
5
What is the remainder when 276259 is divided by 741?
607
Calculate the remainder when 198073852 is divided by 66.
64
What is the remainder when 47019 is divided by 7619?
1305
What is the remainder when 61301641 is divided by 335?
326
What is the remainder when 249790 is divided by 8618?
8486
Calculate the remainder when 21553 is divided by 1971.
1843
Calculate the remainder when 25188 is divided by 1887.
657
Calculate the remainder when 6016936 is divided by 1365.
16
Calculate the remainder when 8991336 is divided by 21.
18
Calculate the remainder when 12099972 is divided by 122.
12
What is the remainder when 614912 is divided by 102476?
56
What is the remainder when 150882 is divided by 933?
669
Calculate the remainder when 39416 is divided by 187.
146
What is the remainder when 49697736 is divided by 339?
336
What is the remainder when 6598217 is divided by 447?
50
What is the remainder when 249393 is divided by 247929?
1464
What is the remainder when 422584 is divided by 21048?
1624
What is the remainder when 322772 is divided by 154?
142
What is the remainder when 7560352 is divided by 180?
172
Calculate the remainder when 451835 is divided by 5444.
5427
What is the remainder when 677867 is divided by 46?
11
Calculate the remainder when 474247 is divided by 1398.
325
What is the remainder when 123183328 is divided by 8765?
18
What is the remainder when 6607601 is divided by 70?
21
What is the remainder when 56153 is divided by 3324?
2969
What is the remainder when 62503 is divided by 7774?
311
What is the remainder when 3871281 is divided by 1935070?
1141
What is the remainder when 955156 is divided by 5521?
23
What is the remainder when 186174 is divided by 355?
154
Calculate the remainder when 1536310 is divided by 13717.
6
Calculate the remainder when 177299177 is divided by 20.
17
Calculate the remainder when 33267797 is divided by 1258.
1245
Calculate the remainder when 712066955 is divided by 9749.
9744
Calculate the remainder when 2297263 is divided by 101.
18
Calculate the remainder when 411020243 is divided by 12.
11
Calculate the remainder when 753305 is divided by 19304.
449
Calculate the remainder when 21972646 is divided by 155.
1
What is the remainder when 12175724 is divided by 3043929?
8
What is the remainder when 10051072 is divided by 27?
25
What is the remainder when 979104 is divided by 61?
54
Calculate the remainder when 220145 is divided by 16.
1
Calculate the remainder when 522134 is divided by 104400.
134
What is the remainder when 13984516 is divided by 4768?
4740
What is the remainder when 156009991 is divided by 416?
7
Calculate the remainder when 98106064 is divided by 2515540.
4
Calculate the remainder when 959727 is divided by 479862.
3
What is the remainder when 4129513 is divided by 1042?
67
Calculate the remainder when 716637 is divided by 79423.
1830
Calculate the remainder when 16420826 is divided by 922.
6
Calculate the remainder when 479210 is divided by 3395.
515
Calculate the remainder when 49420289 is divided by 46.
5
Calculate the remainder when 26572 is divided by 145.
37
Calculate the remainder when 298228 is divided by 49.
14
What is the remainder when 112086 is divided by 18006?
4050
What is the remainder when 67368 is divided by 16827?
60
Calculate the remainder when 81232309 is divided by 1291.
7
What is the remainder when 15436763 is divided by 1505?
1483
What is the remainder when 13503858 is divided by 171?
159
What is the remainder when 117848 is divided by 82?
14
Calculate the remainder when 187747852 is divided by 1577713.
5
Calculate the remainder when 2779677 is divided by 1514.
1487
Calculate the remainder when 10782589 is divided by 197.
188
Calculate the remainder when 3970990 is divided by 177.
172
What is the remainder when 240357 is divided by 21755?
1052
Calculate the remainder when 164124978 is divided by 82062473.
32
What is the remainder when 637511 is divided by 1439?
34
What is the remainder when 3372871 is divided by 360?
31
What is the remainder when 3198559 is divided by 16?
15
Calculate the remainder when 2322089 is divided by 147.
77
What is the remainder when 164999 is divided by 16494?
59
Calculate the remainder when 18342873 is divided by 641.
17
What is the remainder when 549505 is divided by 773?
675
Calculate the remainder when 16482460 is divided by 28127.
38
What is the remainder when 